n. Let c be y(j). What is the highest common divisor of c and 22?
11
Let j(q) = -q**3 - 12*q**2 + 7*q - 6. Let y be j(-13). What is the highest common factor of 8 and y?
8
Let z = 21 + -36. Let t be 94/8 - z/(-20). Calculate the highest common factor of 33 and t.
11
Let z = 37 + -61. Let w = z - -59. What is the highest common factor of w and 14?
7
Let p be (-20)/(-15)*(-18)/(-8). Calculate the greatest common factor of p and 3.
3
Suppose 2*a - 3*t = 24, -4*a + 13 = 5*t - 13. Let v(d) = -50*d**2 + 1. Let k be v(2). Let w = -136 - k. Calculate the greatest common factor of a and w.
9
Let d be 80/6*36/20. What is the highest common divisor of d and 216?
24
Let l = 13 - 41. Let t = l - -40. Calculate the greatest common factor of t and 108.
12
Suppose y = -3*o + 2*o, -o = -3*y + 8. Let i(w) = -w + 2. Let l be i(0). Calculate the highest common divisor of l and y.
2
Let t be (1 + (-2 - 0))/(8/(-152)). Calculate the greatest common factor of t and 152.
19
Let t(n) = 23*n**2 - n. Let x be t(1). What is the highest common factor of 11 and x?
11
Suppose -4*h = -i + 20, h + 0 = 4*i - 20. Let q(j) = 4*j + j**2 + j + 5*j**2 + j**3 - 4. Let v be q(h). Calculate the highest common divisor of v and 24.
8
Suppose 0 = -5*t + 5*g + 55, 0 = -4*t - 3*g + 2*g + 39. Calculate the greatest common divisor of 40 and t.
10
Let s = 109 + -70. Suppose s = 2*p - 5*z, 0 = 3*p - 4*z + 5*z - 101. What is the highest common divisor of 8 and p?
8
Let n be ((-4)/3)/((-2)/9). Suppose 0 = -2*a + 3 + 3. Suppose -5*w = 2*p + 2*p - 38, -a*w + 28 = 5*p. Calculate the greatest common factor of n and w.
6
Let n(a) = a + 52. Let z be n(-7). Calculate the greatest common divisor of z and 60.
15
Let t(d) = 6*d + 3. Let a be (-2)/12 + 93/18. Let n be t(a). Calculate the highest common factor of 11 and n.
11
Let n be 3*(-4)/3 - -2 - -67. What is the greatest common factor of 13 and n?
13
Let l be (-99)/21 - (-4)/(-14). Let b be (l - -1)*(-1 - 0). What is the greatest common factor of b and 8?
4
Let g be (-22)/(-4)*5*2. Let j be (2/(-2))/((-2)/2). Suppose 5*m - b - 20 = 0, 9 = -m + 3*b - j. What is the highest common factor of g and m?
5
Suppose -3*m - 6 = 3*y - 27, -4*m - 5*y = -32. Let j be 36/8*(m + 1). What is the greatest common divisor of j and 27?
9
Suppose 0 = 5*d - 7*d. Suppose d = -2*u + 4 + 10. Let c(y) = -y**3 - 9*y**2 - 6*y + 9. Let t be c(-9). What is the greatest common divisor of u and t?
7
Let m = -568 - -880. Calculate the greatest common divisor of 39 and m.
39
Let b be (12/8)/(-3)*-44. Calculate the greatest common divisor of b and 88.
22
Let b be (-3)/6 - 2/(-4). Suppose b*x + t = 2*x - 43, -3*t + 3 = 0. Suppose 0 = 4*h + 20, 3*s + 4*h - 860 = -2*s. What is the highest common divisor of s and x?
22
Let v be (-8)/36 - 2/(-9). Let h = 1 + v. Let k be (h - 7)/(9/(-24)). What is the highest common divisor of 2 and k?
2
Suppose -3*o - 4*y + 121 = 0, 3*y = -2*o - y + 86. Let d = -7 + 14. Calculate the highest common divisor of d and o.
7
Let w be (-12 + 13)/((4/(-18))/(-2)). What is the highest common factor of w and 1?
1
Let g(h) = h**2 + h - 4. Let o be g(-4). Let y = 20 - o. Calculate the highest common divisor of y and 36.
12
Suppose -2*p = -x - 9, -2*x + 54 = 4*p + 16. Suppose 0 = 5*l + 3*q + 24, -3*l - 2*q - 8 = 7. Let j = 25 - l. What is the highest common divisor of p and j?
7
Suppose 4 = q + 6. Let g = q + 34. What is the greatest common divisor of g and 4?
4
Suppose 5*z - 5*l = -0*l + 555, 0 = 2*l + 6. What is the greatest common divisor of z and 9?
9
Let g = 7 + 5. Suppose 2*w - g = 2. Suppose w*u = -4*r + 4*u + 180, -3*r + 2*u = -152. What is the greatest common divisor of 6 and r?
6
Let h = -216 + 414. What is the greatest common divisor of h and 18?
18
Suppose 3*v + v = 24. Suppose 0 = i - v - 0. Let c be (-8)/i*2*-6. Calculate the highest common factor of c and 2.
2
Let a be (20 + 1)*4/3. Suppose -4*d + 353 = 73. What is the greatest common factor of a and d?
14
Let r be 17 - (6/3)/(-2). Calculate the highest common divisor of r and 45.
9
Let t(g) = -g**2 + 31*g - 44. Let n be t(28). What is the greatest common divisor of 360 and n?
40
Suppose 4*q - 250 = 146. Let c = 11 + 0. Calculate the greatest common factor of q and c.
11
Let m be 44/(-8)*(0 + 2). Let w = m - -23. Calculate the highest common divisor of w and 3.
3
Let k be 2*(12 - (-5 + 7)). Calculate the highest common divisor of k and 25.
5
Let x = 85 - 25. What is the greatest common divisor of x and 6?
6
Let o be ((-1)/1)/((-2)/(-24)). Let y be 6/(-4)*o/9. Calculate the greatest common divisor of 2 and y.
2
Let y(p) = 15*p**2. Let f be y(1). Suppose -h + 0 + 10 = 0. Calculate the greatest common factor of h and f.
5
Suppose -3*l - 240 = -6*l. What is the greatest common factor of 32 and l?
16
Suppose 106 = 5*i + 1. Let b = i - 3. What is the highest common divisor of b and 6?
6
Suppose -4*u = -o - 58, 14 = 2*u + 4*o - 6. What is the greatest common factor of 98 and u?
14
Suppose 35 = -7*b + 217. What is the greatest common divisor of 26 and b?
26
Let w = -26 - -38. Let f(x) = x**3 - 8*x**2 - 5*x + 24. Let n be f(9). Calculate the highest common factor of n and w.
12
Let k be 46/1 - (24 - 22). Let v be (-2)/(-4)*(10 - 2). What is the highest common factor of v and k?
4
Let v = 49 - 19. Let p(x) = x - 1. Let q be p(7). Suppose 4*i + i + q = d, -4*d + 3*i = -24. Calculate the greatest common factor of d and v.
6
Let q be ((-10)/15)/(2/42). Let j = q + 44. What is the highest common divisor of 15 and j?
15
Let r(u) = 187*u**2 + u - 1. Let d be r(1). Suppose 0 = 3*o + 5*j - 36, -5*o - j + 48 = -2*o. What is the highest common divisor of o and d?
17
Let q = -3 - -9. Let f be 2/q + 400/15. Suppose -2*g + 17 = o, -16 = 3*o - 7*o + 5*g. Calculate the greatest common divisor of f and o.
9
Let i = -32 + 59. Calculate the greatest common factor of 36 and i.
9
Suppose -15 = -5*n - 0*n. Suppose n*q = -5*a + 59, -4*q + 23 + 64 = 5*a. Let j = 76 - q. What is the highest common factor of 6 and j?
6
Let y be (-224)/(-42)*(-30)/(-4). Calculate the greatest common factor of y and 10.
10
Suppose 3*h = -2*r + 8, 2 = 2*r + 5*h - 2. What is the greatest common factor of r and 7?
7
Let d be (30 + 3)/((-3)/(-9)). What is the highest common divisor of d and 9?
9
Suppose 0 = -4*l - 106 + 10. Let q = l - -36. What is the highest common divisor of 96 and q?
12
Let m = 66 - -42. Let x(z) = -2*z**3 - 2*z**2 - 2*z + 2. Let p be x(-2). Let c(h) = h - 2. Let l be c(p). What is the greatest common factor of m and l?
12
Suppose 27 = r + 4*c, 2*r + 2*r + 3*c = 108. Suppose u + 1 = -3, -3*j = -2*u - 17. Calculate the highest common factor of r and j.
3
Suppose -5*k = -26 - 9. Let h = -12 - -8. Let z be ((-14)/4)/(2/h). Calculate the highest common divisor of z and k.
7
Let m(j) = -j**3 + 5*j**2 - 4*j - 1. Let w be (-26)/(-10) - 14/(-35). Let d be m(w). Suppose 14 = d*x - 36. Calculate the greatest common divisor of x and 10.
10
Let l be (-1 + 3)/((-2)/2). Let m(j) = -4*j**3 - 2*j**2 + 2*j + 2. Let c be m(l). Suppose 3*o + 44 = 7*o. What is the highest common factor of c and o?
11
Let f be ((-94)/(-30) - 3) + 2096/30. What is the greatest common divisor of f and 28?
14
Let m(l) = l**2 + 0*l**2 - 3*l**2 + 7*l - 5*l**3 + 6. Let t be m(-4). Let u = -79 + t. Calculate the greatest common factor of u and 17.
17
Suppose -4*c = -7*c + 90. Calculate the highest common divisor of c and 12.
6
Suppose -64 = -2*h + 5*l - l, -3*h + 102 = -3*l. Suppose 3*x - 11 = 19. Let c be ((-8)/x)/(1/(-5)). What is the highest common factor of h and c?
4
Let k be (-28)/(2/3*-3). What is the greatest common factor of 35 and k?
7
Let t be (-1)/4 - (-10)/8. Let m be (3/6)/(4/(-16)). Let p = 9 - m. What is the highest common factor of p and t?
1
Suppose -i = 2*i - 3*g + 6, -5*g = -3*i - 14. Suppose 174 = 2*z - i*r, 2*z + r = -0*r + 186. What is the highest common divisor of z and 13?
13
Let w = -65 - -115. Suppose r - 21 = -j - 2*r, -4*j + r = -84. Suppose -5*c - 15 = -g, -g - c + 0*c + j = 0. What is the greatest common factor of w and g?
10
Let t be 1 - 2 - 0 - -19. Let k = -10 + t. Let d be (-94)/(-18) + k/(-36). Calculate the highest common divisor of d and 40.
5
Suppose -16*i = -24*i + 8. What is the highest common divisor of i and 6?
1
Suppose r + 5*z - 152 = -